?
14
Let l be (-1 - 8/(-24))*(-606)/4. Suppose 5*g - l = -4*n, 2*g - 72 = -3*n + 2. What is the highest common factor of n and 222?
6
Let t be -6 - (270/(-8))/((-246)/(-5248)). Let a = 673 - 479. Suppose t - a = 13*z. What is the highest common divisor of z and 100?
20
Let g = 90 - 128. Let j be 11/(g/8 - -5). Calculate the greatest common factor of j and 55.
11
Let f(k) = 14*k - 26. Let x be f(3). Let b = -672 + 676. Calculate the greatest common divisor of x and b.
4
Let c(f) = -123*f - 194. Let a be c(-2). Suppose 3*d - 12 = 0, -3*n + 3*d + d + 23 = 0. Calculate the greatest common factor of n and a.
13
Suppose -21*t + 26991 = -15*t + 6561. What is the greatest common factor of 45 and t?
15
Let z = -3256 - -3275. What is the highest common divisor of z and 57?
19
Suppose -4*g + 972 = -0*g. Let y = 246 - g. What is the greatest common divisor of 32 and y?
1
Let m = 144 - 144. Suppose -5*o - 348 = -3*b, 3*b - 3*o = -m*b + 354. What is the greatest common divisor of 22 and b?
11
Let t be -1 + (7 - -2) - -1. Let f = 2682 - 2538. What is the greatest common divisor of f and t?
9
Let i be ((-8)/(-6) - 15/45) + 164. Suppose -5*l + i + 95 = 0. Suppose l = -m + 5*m + 4*d, 49 = 5*m + d. What is the highest common divisor of m and 144?
9
Suppose -5*x = -38 - 12. Let j(k) = -k**2 - 15*k - 52. Let d be j(-6). Suppose x = d*b - 56. What is the highest common factor of b and 11?
11
Suppose -o = -7*t + 9*t - 7, 5*t - 3*o = 12. Suppose 6*r - 33 = 4*r + 3*v, -r - t*v + 12 = 0. Let i = -75 + 150. What is the highest common factor of i and r?
15
Suppose -460 = -4*c + 12*h - 10*h, c - 118 = 2*h. What is the highest common factor of c and 8322?
114
Let m(n) = -n**2 - 24*n - 103. Let c = 385 + -392. Let o be m(c). Suppose 0 = l - q - 1, 5*l + 2*q = -2*q + 32. What is the greatest common divisor of o and l?
4
Let t(a) = a + 275. Let r be t(0). Suppose -4*c = -4*o + 72, -c + 62 = 3*o - 8. What is the greatest common factor of o and r?
11
Let h = -22698 - -44005. What is the highest common factor of 143 and h?
143
Suppose 0 = 5*g + 25, -7*y - 1198 = -10*y + 5*g. What is the greatest common divisor of y and 184?
23
Let p be -1 - -5 - 4/2. Let m be (-3)/12*p*-64. What is the highest common divisor of m and 4?
4
Suppose -3*r = -323 + 127 - 452. Calculate the greatest common divisor of r and 738.
18
Let q be -1 + 0 - (21 - 115 - 21). Calculate the highest common divisor of q and 12198.
114
Let t = 51617 - 51409. Let i be (-3)/(1/4*6). Let d be i*2/4 + 17. What is the highest common divisor of d and t?
16
Let o(n) = -2*n**2 - 93*n - 807. Let m be o(-24). What is the highest common factor of m and 312?
39
Let s be 1890 - (-30 - (-7 + -8)). What is the highest common divisor of 254 and s?
127
Let w(n) = 3*n**2 + 28*n + 208. Let f be w(0). What is the greatest common factor of 13 and f?
13
Suppose 48*j = 133*j - 25500. What is the greatest common divisor of j and 675?
75
Let m be (2*(-4 + 2))/(6/(-15)). Suppose m*h - 26*h + 32 = 0. Let f(z) = -z - 2. Let q be f(-3). Calculate the greatest common divisor of h and q.
1
Let d(h) = 2*h**2 + 152*h + 4491. Let o be d(-39). What is the greatest common factor of o and 1177?
107
Let n be (-4)/(-6) - 1/(-3). Suppose 10*g = 74 + 16. Suppose -16 = z - g*z. Calculate the highest common factor of z and n.
1
Suppose -4*h + 7 = -2*s + 79, -s + h = -38. Let v be 235/s - 2/(-16). Suppose 3*m = 16 + 2. What is the greatest common divisor of v and m?
6
Suppose 65*c = -54*c + 119357. What is the highest common divisor of 59 and c?
59
Suppose -135 = -14*q + 117. Suppose -8*b = 10*b - q. Suppose -5*u + 5 + 10 = 0. Calculate the highest common factor of u and b.
1
Let y(d) = 4*d - 24. Let h be y(7). Let i(q) = 2 + 3*q - q**3 - 7*q**2 + 9*q**2 - 4*q**3. Let k be i(-2). What is the highest common divisor of h and k?
4
Suppose -151 = -5*c - 26. Let v be c - 0/8*(-2)/6. Let j = -118 + 218. Calculate the greatest common factor of v and j.
25
Let s = -4379 - -4509. Calculate the highest common divisor of 80 and s.
10
Let j = -132 - -134. Let m(b) = 7*b**j + 14 - 9*b**2 + 7*b**2 - 6*b - b. Let x be m(4). What is the greatest common divisor of 33 and x?
33
Let c be (7 - 5)*46 - (2 + -5). Let k = -66 + c. Suppose -5*q = -4*q - 58. What is the highest common factor of k and q?
29
Let j(g) = 3*g**2 + 136*g + 69. Suppose 5*h + 240 = 11*i - 16*i, 3*h + 141 = -2*i. Let n be j(h). Calculate the greatest common factor of n and 744.
24
Let h = 14 - -22. Let x = 10550 + -10526. What is the greatest common factor of x and h?
12
Suppose 14*w = 16*w + 4*o - 162, -5*w - 2*o = -381. Suppose 0 = -2*s + 5*s - 300. What is the highest common factor of s and w?
25
Let t(s) = 79*s**2 - 62*s - 8. Let n be t(-3). What is the greatest common factor of n and 7?
7
Let a = -4051 + 4070. Calculate the greatest common divisor of a and 589.
19
Let d = -32 - -58. Suppose -143736*k = -143606*k - 18590. Calculate the highest common divisor of k and d.
13
Suppose -7*f + 4 = -5*f. Let j be ((-5)/(-3) - f)/(1/(-12)). Let x be 6/j - (27/(-6) - 4). Calculate the greatest common divisor of x and 2.
2
Let d = 9816 + -9148. What is the greatest common divisor of d and 68?
4
Let i(n) = 3036*n - 7884. Let o be i(11). What is the greatest common divisor of o and 72?
24
Suppose -6*h + 595 = -311. Let d = h + -41. What is the highest common divisor of 20 and d?
10
Suppose -5*s + 67 + 53 = 0. Let w be (-6 - (-496)/84) + (-63532)/(-294). What is the greatest common factor of s and w?
24
Let q be ((-36)/(-27))/(8/18). Suppose -2*g - 22 = -p, 0*p - 41 = -2*p + q*g. Let j be 6/8 - (-1413)/36. What is the highest common factor of p and j?
8
Suppose 0 = z - 2*z + 12. Let s = z + -11. Suppose 4*y - 3 + 7 = -2*r, -3*r = 18. Calculate the greatest common divisor of s and y.
1
Suppose -2*r + r = 4*i + 25, -2*r = -3*i - 5. Let m be 0/1 - 3*(4 + r). What is the highest common divisor of m and 39?
3
Let g be 4*(-1)/(-16)*3*4324/69. Calculate the highest common divisor of 4512 and g.
47
Let l = -4193 + 4391. Calculate the greatest common divisor of l and 726.
66
Let k = 2121 + -2081. What is the greatest common factor of 1310 and k?
10
Let n(u) be the third derivative of -u**5/30 - 7*u**4/12 - u**3/2 - 2*u**2 - 9*u. Let v be n(-4). What is the greatest common divisor of v and 21?
21
Let q = -7545 - -11697. What is the highest common factor of 12 and q?
12
Let n be (-6)/(-42) - 456/(-42). Suppose 4*t = n*v - 10*v - 22, 3*v + 5*t = -2. Calculate the greatest common factor of 39 and v.
3
Suppose 15*j - 16 = 14*j. Let m be 24/(j/4)*2/6. Suppose -33 = -2*z + k, -3*z + m*k + 0*k + 47 = 0. Calculate the greatest common divisor of 133 and z.
19
Suppose -485 = -5*d - 2*g - 155, 3*d = -4*g + 184. What is the greatest common factor of d and 714?
34
Let c = 4043 + -4026. Calculate the greatest common factor of 6239 and c.
17
Let j be (-3 - -12)/(-1 + 1 - (-12)/272). What is the highest common factor of j and 5814?
102
Let d = 291 - -797. Let z = -31612 - -31629. What is the greatest common divisor of d and z?
17
Suppose 33*l - 6715 = 83. Calculate the highest common divisor of l and 2369.
103
Suppose 145*r - 64357 = 315161 - 35868. What is the greatest common factor of r and 2?
2
Suppose -4512 = -14*q + 2330 - 1018. What is the highest common factor of q and 352?
32
Suppose 0 = 61*w + 323*w - 65*w - 4785. What is the greatest common factor of 408 and w?
3
Let b(j) be the third derivative of 17*j**4/24 + 7*j**3/6 - 4*j**2. Let y be b(4). Let u = y - 18. Calculate the greatest common factor of 19 and u.
19
Let q = 18 - 23. Let t be -1 - 5 - q - -55. Calculate the greatest common factor of 594 and t.
54
Suppose -236863 = -9*i + 332153. Calculate the highest common divisor of 28 and i.
28
Suppose -269*u + 295989 - 5227 = -18050. What is the greatest common divisor of u and 56?
28
Let x = 15 - 10. Suppose -2*m - x*w = -45, 2*w = 7 + 3. Suppose -2*o + m = 2*g, 3*o - g + 5*g = 16. Calculate the highest common factor of 3 and o.
1
Suppose 32*w - 9688 = 40*w. Let z = -837 - w. Calculate the highest common factor of z and 11.
11
Let c be (6/(-18)*0)/(0 + 1). Suppose 5*l = -10, -4*h - 11*l + 14*l + 138 = c. What is the highest common divisor of h and 12?
3
Suppose -4*c = 14*c - 2502. Let q = 216 - c. Calculate the highest common fa